{"id":27,"date":"2019-10-28T16:27:43","date_gmt":"2019-10-28T16:27:43","guid":{"rendered":"http:\/\/novacomex.ec\/?page_id=27"},"modified":"2025-09-19T09:22:07","modified_gmt":"2025-09-19T14:22:07","slug":"enlaces-de-interes","status":"publish","type":"page","link":"https:\/\/www.novacomex.ec\/index.php\/enlaces-de-interes\/","title":{"rendered":"Enlaces de Inter\u00e9s"},"content":{"rendered":"\t\t<div data-elementor-type=\"wp-page\" data-elementor-id=\"27\" class=\"elementor elementor-27\" data-elementor-post-type=\"page\">\n\t\t\t\t\t\t<section class=\"elementor-section elementor-top-section elementor-element elementor-element-55dc6b79 elementor-section-boxed elementor-section-height-default elementor-section-height-default\" data-id=\"55dc6b79\" data-element_type=\"section\">\n\t\t\t\t\t\t<div class=\"elementor-container elementor-column-gap-default\">\n\t\t\t\t\t<div class=\"elementor-column elementor-col-100 elementor-top-column elementor-element elementor-element-199f9e7\" data-id=\"199f9e7\" data-element_type=\"column\">\n\t\t\t<div class=\"elementor-widget-wrap elementor-element-populated\">\n\t\t\t\t\t\t<div class=\"elementor-element elementor-element-5354f3ff elementor-widget elementor-widget-text-editor\" data-id=\"5354f3ff\" data-element_type=\"widget\" data-widget_type=\"text-editor.default\">\n\t\t\t\t<div class=\"elementor-widget-container\">\n\t\t\t\t\t\t\t\t\t<h2 class=\"wp-block-heading\">Normativa Aduanera<\/h2>\n<p><!-- \/wp:heading --><!-- wp:paragraph --><\/p>\n<p><!-- \/wp:paragraph --><!-- wp:heading --><\/p>\n<h2 class=\"wp-block-heading\">Campa\u00f1as de Concientizaci\u00f3n<\/h2>\n<p><!-- \/wp:heading --><!-- wp:button {\"textAlign\":\"left\"} --><\/p>\n<div class=\"wp-block-button\"><a class=\"wp-block-button__link has-text-align-left wp-element-button\" href=\"https:\/\/www.aduana.gob.ec\/boletines\/\">Visitar Aduana del Ecuador SENAE<\/a><\/div>\n<p><!-- \/wp:button --><!-- wp:paragraph --><\/p>\n<p><!-- \/wp:paragraph --><!-- wp:buttons --><\/p>\n<div class=\"wp-block-buttons\">\n<p><!-- wp:button --><\/p>\n<div class=\"wp-block-button\"><a class=\"wp-block-button__link wp-element-button\" href=\"https:\/\/www.novacomex.ec\/wp-content\/uploads\/2025\/09\/6.-Boletin-Prevencion-de-lavados-de-Activos-NOVACOMEX.pdf\">Prevenci\u00f3n sobre Lavados de Activos<\/a><\/div>\n<p><!-- \/wp:button --><\/p>\n<\/div>\n<p><!-- \/wp:buttons --><!-- wp:paragraph --><\/p>\n<p><!-- \/wp:paragraph --><!-- wp:buttons {\"layout\":{\"type\":\"flex\",\"justifyContent\":\"left\"}} --><\/p>\n<div class=\"wp-block-buttons\">\n<p><!-- wp:button {\"textAlign\":\"center\"} --><\/p>\n<div class=\"wp-block-button\"><a class=\"wp-block-button__link has-text-align-center wp-element-button\" href=\"https:\/\/www.novacomex.ec\/wp-content\/uploads\/2024\/07\/OEA-Lineamientos-de-capacitacion_alcohol-y-drogas-MAYO.pdf\">Prevenci\u00f3n del Consumo de Alcohol y Drogas.<\/a><\/div>\n<p><!-- \/wp:button --><\/p>\n<\/div>\n<p><!-- \/wp:buttons --><!-- wp:paragraph --><\/p>\n<p><!-- \/wp:paragraph --><!-- wp:buttons {\"layout\":{\"type\":\"flex\",\"justifyContent\":\"left\"}} --><\/p>\n<div class=\"wp-block-buttons\">\n<p><!-- wp:button --><\/p>\n<div class=\"wp-block-button\"><a class=\"wp-block-button__link wp-element-button\" href=\"https:\/\/www.novacomex.ec\/wp-content\/uploads\/2024\/07\/Perdida-de-datos.webp\">Riesgos sobre la P\u00e9rdida de la Informaci\u00f3n.<\/a><\/div>\n<\/div>\n<div class=\"wp-block-buttons\">\n<p><!-- \/wp:button --><\/p>\n<\/div>\n<p><!-- \/wp:buttons --><!-- wp:paragraph --><\/p>\n<p><!-- \/wp:paragraph --><!-- wp:buttons --><\/p>\n<div class=\"wp-block-buttons\">\n<p><!-- wp:button --><\/p>\n<div class=\"wp-block-button\"><a class=\"wp-block-button__link wp-element-button\" href=\"https:\/\/www.novacomex.ec\/wp-content\/uploads\/2024\/12\/PREVENCION-DE-DELITOS-EN-EL-COMERCIO-INTERNACIONAL.pdf\">Prevenci\u00f3n de delitos en el comercio internacional.<\/a><\/div>\n<\/div>\n<div class=\"wp-block-buttons\">\n<p><!-- \/wp:button --><\/p>\n<\/div>\n<p><!-- \/wp:buttons --><!-- wp:paragraph --><\/p>\n<p><!-- \/wp:paragraph --><!-- wp:buttons --><\/p>\n<div class=\"wp-block-buttons\">\n<div class=\"wp-block-button\"><a class=\"wp-block-button__link has-text-align-center wp-element-button\" href=\"https:\/\/www.novacomex.ec\/wp-content\/uploads\/2025\/01\/8.PREVENCION-DE-DELITOS-DE-CORRUPCION-Y-SOBORNO.pdf\">Prevenci\u00f3n\u00a0de\u00a0delitos de Corrupci\u00f3n y Soborno<\/a><\/div>\n<\/div>\n<div>\u00a0<\/div>\n<div><a class=\"wp-block-button__link has-text-align-center wp-element-button\" href=\"https:\/\/www.novacomex.ec\/wp-content\/uploads\/2025\/04\/BOLETIN-PROTECCION-DE-LOS-CONTROLES-DE-INGRESO-Y-SALIDA-DE-MERCANCIAS-Y-PERSONAS.pdf\">Protecci\u00f3n de los Controles de Ingreso y Salida de Mercanc\u00edas y Personas<\/a><\/div>\n<div>\u00a0<\/div>\n<div><a class=\"wp-block-button__link has-text-align-center wp-element-button\" href=\"https:\/\/www.novacomex.ec\/wp-content\/uploads\/2025\/04\/BOLETIN-INTEGRIDAD-DE-LA-CARGA.pdf\">Integridad de la Carga<\/a><\/div>\n<div>\u00a0<\/div>\n<div><a class=\"wp-block-button__link has-text-align-center wp-element-button\" href=\"https:\/\/www.novacomex.ec\/wp-content\/uploads\/2025\/08\/BOLETIN-RIESGO-DE-PERDIDA-INFORMACION.pdf\">Riesgo de P\u00e9rdida de informaci\u00f3n.<\/a><\/div>\n<div>\u00a0<\/div>\n<div>\n<div><a class=\"wp-block-button__link has-text-align-center wp-element-button\" href=\"https:\/\/www.novacomex.ec\/wp-content\/uploads\/2025\/08\/5.-BOLETIN-Prevencion-sobre-el-Consumo-y-Efecto-de-Alcohol-y-Drogas.pdf\">Prevenci\u00f3n sobre el consumo y efecto de alcohol y drogas.<\/a><\/div>\n<\/div>\n<div>\u00a0<\/div>\n<div style=\"text-align: left;\"><a class=\"wp-block-button__link has-text-align-center wp-element-button\" href=\"https:\/\/www.novacomex.ec\/wp-content\/uploads\/2025\/08\/BOLETIN-AMENAZAS-RIESGOS-MEDIDAS-PARA-PREVENIR-IDENTIFICAR.pdf\">Prevenci\u00f3n, detecci\u00f3n y acci\u00f3n frente a riesgos y actividades irregulares en el movimiento de mercanc\u00edas.<\/a><\/div>\n<div>\n<div class=\"wp-block-buttons\">\u00a0<\/div>\n<\/div>\n<div class=\"wp-block-buttons\">\u00a0<\/div>\n<div class=\"wp-block-buttons\">\u00a0<\/div>\n<div class=\"wp-block-buttons\">\u00a0<\/div>\n<p><!-- \/wp:buttons --><!-- wp:paragraph --><\/p>\n<p><!-- \/wp:paragraph --><\/p>\t\t\t\t\t\t\t\t<\/div>\n\t\t\t\t<\/div>\n\t\t\t\t\t<\/div>\n\t\t<\/div>\n\t\t\t\t\t<\/div>\n\t\t<\/section>\n\t\t\t\t<\/div>\n\t\t","protected":false},"excerpt":{"rendered":"<p>Normativa Aduanera Campa\u00f1as de Concientizaci\u00f3n Visitar Aduana del Ecuador SENAE Prevenci\u00f3n sobre Lavados de Activos Prevenci\u00f3n del Consumo de Alcohol y Drogas. Riesgos sobre la P\u00e9rdida de la Informaci\u00f3n. Prevenci\u00f3n de delitos en el comercio internacional. Prevenci\u00f3n\u00a0de\u00a0delitos de Corrupci\u00f3n y Soborno \u00a0 Protecci\u00f3n de los Controles de Ingreso y Salida de Mercanc\u00edas y Personas \u00a0&hellip; <br \/> <a class=\"read-more\" href=\"https:\/\/www.novacomex.ec\/index.php\/enlaces-de-interes\/\">Leer m\u00e1s<\/a><\/p>\n","protected":false},"author":3,"featured_media":0,"parent":0,"menu_order":0,"comment_status":"closed","ping_status":"closed","template":"","meta":{"_acf_changed":false,"om_disable_all_campaigns":false,"_monsterinsights_skip_tracking":false,"_monsterinsights_sitenote_active":false,"_monsterinsights_sitenote_note":"","_monsterinsights_sitenote_category":0,"footnotes":""},"class_list":["post-27","page","type-page","status-publish","hentry"],"acf":[],"jetpack_sharing_enabled":true,"_links":{"self":[{"href":"https:\/\/www.novacomex.ec\/index.php\/wp-json\/wp\/v2\/pages\/27","targetHints":{"allow":["GET"]}}],"collection":[{"href":"https:\/\/www.novacomex.ec\/index.php\/wp-json\/wp\/v2\/pages"}],"about":[{"href":"https:\/\/www.novacomex.ec\/index.php\/wp-json\/wp\/v2\/types\/page"}],"author":[{"embeddable":true,"href":"https:\/\/www.novacomex.ec\/index.php\/wp-json\/wp\/v2\/users\/3"}],"replies":[{"embeddable":true,"href":"https:\/\/www.novacomex.ec\/index.php\/wp-json\/wp\/v2\/comments?post=27"}],"version-history":[{"count":71,"href":"https:\/\/www.novacomex.ec\/index.php\/wp-json\/wp\/v2\/pages\/27\/revisions"}],"predecessor-version":[{"id":771,"href":"https:\/\/www.novacomex.ec\/index.php\/wp-json\/wp\/v2\/pages\/27\/revisions\/771"}],"wp:attachment":[{"href":"https:\/\/www.novacomex.ec\/index.php\/wp-json\/wp\/v2\/media?parent=27"}],"curies":[{"name":"wp","href":"https:\/\/api.w.org\/{rel}","templated":true}]}}